{"id":16294,"date":"2024-10-22T08:27:16","date_gmt":"2024-10-22T08:27:16","guid":{"rendered":"https:\/\/nordprojekt.ee\/?post_type=portfolio_page&#038;p=16294"},"modified":"2024-10-28T10:08:38","modified_gmt":"2024-10-28T10:08:38","slug":"tartu-lidli-arhitektuurikonkursi-voistlustoo","status":"publish","type":"portfolio_page","link":"https:\/\/nordprojekt.ee\/en\/referents\/tartu-lidli-arhitektuurikonkursi-voistlustoo\/","title":{"rendered":"Tartu Lidli arhitektuurikonkursi v\u00f5istlust\u00f6\u00f6"},"content":{"rendered":"<figure class=\"wp-block-table\"><table class=\"has-fixed-layout\"><tbody><tr><td>Oman\u00e4olise ilme andmiseks on fassaadile kinnitatud peegeldavad taustv\u00e4rvitud klaasid. Klaas peegeldab k\u00f5ike hoone ees olevat sh puid, muutes hoone fassaadi \u00f5huliseks ja m\u00e4nguliseks. Lisaks on hoone otstesse seal hulgas Lina tn poolsele fassaadile kinnitatud dekoratiivsed tellisplaadid, mis annavad hoonele \u00fchist visuaalset siduvust \u00fcle autotee asuva Katlamaja krundiga.&nbsp;<\/td><\/tr><\/tbody><\/table><\/figure>","protected":false},"excerpt":{"rendered":"<p>Lorem ipsum dolor sit amet, consectetuer adipiscing elit. Nam cursus. Morbi ut mi. Nullam enim leo, egestas id, condimentum at, laoreet mattis, massa.<\/p>","protected":false},"author":1,"featured_media":16431,"menu_order":100,"comment_status":"closed","ping_status":"closed","template":"","portfolio_category":[124,122],"portfolio_tag":[],"class_list":["post-16294","portfolio_page","type-portfolio_page","status-publish","has-post-thumbnail","hentry","portfolio_category-arihooned","portfolio_category-konkursid"],"yoast_head":"<!-- This site is optimized with the Yoast SEO plugin v27.1.1 - https:\/\/yoast.com\/product\/yoast-seo-wordpress\/ -->\n<title>Tartu Lidli arhitektuurikonkursi v\u00f5istlust\u00f6\u00f6 - Nordprojekt<\/title>\n<meta name=\"robots\" content=\"noindex, follow\" \/>\n<meta property=\"og:locale\" content=\"en_GB\" \/>\n<meta property=\"og:type\" content=\"article\" \/>\n<meta property=\"og:title\" content=\"Tartu Lidli arhitektuurikonkursi v\u00f5istlust\u00f6\u00f6 - Nordprojekt\" \/>\n<meta property=\"og:description\" content=\"Lorem ipsum dolor sit amet, consectetuer adipiscing elit. Nam cursus. Morbi ut mi. Nullam enim leo, egestas id, condimentum at, laoreet mattis, massa.\" \/>\n<meta property=\"og:url\" content=\"https:\/\/nordprojekt.ee\/en\/referents\/tartu-lidli-arhitektuurikonkursi-voistlustoo\/\" \/>\n<meta property=\"og:site_name\" content=\"Nordprojekt\" \/>\n<meta property=\"article:publisher\" content=\"https:\/\/www.facebook.com\/NordProjektAs\/\" \/>\n<meta property=\"article:modified_time\" content=\"2024-10-28T10:08:38+00:00\" \/>\n<meta property=\"og:image\" content=\"https:\/\/nordprojekt.ee\/wp-content\/uploads\/2024\/10\/01-4-scaled.jpg\" \/>\n\t<meta property=\"og:image:width\" content=\"2560\" \/>\n\t<meta property=\"og:image:height\" content=\"1440\" \/>\n\t<meta property=\"og:image:type\" content=\"image\/jpeg\" \/>\n<meta name=\"twitter:card\" content=\"summary_large_image\" \/>\n<meta name=\"twitter:label1\" content=\"Estimated reading time\" \/>\n\t<meta name=\"twitter:data1\" content=\"1 minute\" \/>\n<script type=\"application\/ld+json\" class=\"yoast-schema-graph\">{\"@context\":\"https:\/\/schema.org\",\"@graph\":[{\"@type\":\"WebPage\",\"@id\":\"https:\/\/nordprojekt.ee\/referents\/tartu-lidli-arhitektuurikonkursi-voistlustoo\/\",\"url\":\"https:\/\/nordprojekt.ee\/referents\/tartu-lidli-arhitektuurikonkursi-voistlustoo\/\",\"name\":\"Tartu Lidli arhitektuurikonkursi v\u00f5istlust\u00f6\u00f6 - Nordprojekt\",\"isPartOf\":{\"@id\":\"https:\/\/nordprojekt.ee\/#website\"},\"primaryImageOfPage\":{\"@id\":\"https:\/\/nordprojekt.ee\/referents\/tartu-lidli-arhitektuurikonkursi-voistlustoo\/#primaryimage\"},\"image\":{\"@id\":\"https:\/\/nordprojekt.ee\/referents\/tartu-lidli-arhitektuurikonkursi-voistlustoo\/#primaryimage\"},\"thumbnailUrl\":\"https:\/\/nordprojekt.ee\/wp-content\/uploads\/2024\/10\/01-4-scaled.jpg\",\"datePublished\":\"2024-10-22T08:27:16+00:00\",\"dateModified\":\"2024-10-28T10:08:38+00:00\",\"breadcrumb\":{\"@id\":\"https:\/\/nordprojekt.ee\/referents\/tartu-lidli-arhitektuurikonkursi-voistlustoo\/#breadcrumb\"},\"inLanguage\":\"en-GB\",\"potentialAction\":[{\"@type\":\"ReadAction\",\"target\":[\"https:\/\/nordprojekt.ee\/referents\/tartu-lidli-arhitektuurikonkursi-voistlustoo\/\"]}]},{\"@type\":\"ImageObject\",\"inLanguage\":\"en-GB\",\"@id\":\"https:\/\/nordprojekt.ee\/referents\/tartu-lidli-arhitektuurikonkursi-voistlustoo\/#primaryimage\",\"url\":\"https:\/\/nordprojekt.ee\/wp-content\/uploads\/2024\/10\/01-4-scaled.jpg\",\"contentUrl\":\"https:\/\/nordprojekt.ee\/wp-content\/uploads\/2024\/10\/01-4-scaled.jpg\",\"width\":2560,\"height\":1440},{\"@type\":\"BreadcrumbList\",\"@id\":\"https:\/\/nordprojekt.ee\/referents\/tartu-lidli-arhitektuurikonkursi-voistlustoo\/#breadcrumb\",\"itemListElement\":[{\"@type\":\"ListItem\",\"position\":1,\"name\":\"Home\",\"item\":\"https:\/\/nordprojekt.ee\/\"},{\"@type\":\"ListItem\",\"position\":2,\"name\":\"Portfolio\",\"item\":\"https:\/\/nordprojekt.ee\/referentsid\/\"},{\"@type\":\"ListItem\",\"position\":3,\"name\":\"Tartu Lidli arhitektuurikonkursi v\u00f5istlust\u00f6\u00f6\"}]},{\"@type\":\"WebSite\",\"@id\":\"https:\/\/nordprojekt.ee\/#website\",\"url\":\"https:\/\/nordprojekt.ee\/\",\"name\":\"Nordprojekt\",\"description\":\"Parim partner projekteerimises\",\"publisher\":{\"@id\":\"https:\/\/nordprojekt.ee\/#organization\"},\"potentialAction\":[{\"@type\":\"SearchAction\",\"target\":{\"@type\":\"EntryPoint\",\"urlTemplate\":\"https:\/\/nordprojekt.ee\/?s={search_term_string}\"},\"query-input\":{\"@type\":\"PropertyValueSpecification\",\"valueRequired\":true,\"valueName\":\"search_term_string\"}}],\"inLanguage\":\"en-GB\"},{\"@type\":\"Organization\",\"@id\":\"https:\/\/nordprojekt.ee\/#organization\",\"name\":\"Nordprojekt\",\"url\":\"https:\/\/nordprojekt.ee\/\",\"logo\":{\"@type\":\"ImageObject\",\"inLanguage\":\"en-GB\",\"@id\":\"https:\/\/nordprojekt.ee\/#\/schema\/logo\/image\/\",\"url\":\"https:\/\/nordprojekt.ee\/wp-content\/uploads\/2024\/05\/Nord-Projekt-featured-image.jpg\",\"contentUrl\":\"https:\/\/nordprojekt.ee\/wp-content\/uploads\/2024\/05\/Nord-Projekt-featured-image.jpg\",\"width\":841,\"height\":595,\"caption\":\"Nordprojekt\"},\"image\":{\"@id\":\"https:\/\/nordprojekt.ee\/#\/schema\/logo\/image\/\"},\"sameAs\":[\"https:\/\/www.facebook.com\/NordProjektAs\/\",\"https:\/\/www.linkedin.com\/company\/nord-projekt-as\/\"]}]}<\/script>\n<!-- \/ Yoast SEO plugin. -->","yoast_head_json":{"title":"Tartu Lidli arhitektuurikonkursi v\u00f5istlust\u00f6\u00f6 - Nordprojekt","robots":{"index":"noindex","follow":"follow"},"og_locale":"en_GB","og_type":"article","og_title":"Tartu Lidli arhitektuurikonkursi v\u00f5istlust\u00f6\u00f6 - Nordprojekt","og_description":"Lorem ipsum dolor sit amet, consectetuer adipiscing elit. Nam cursus. Morbi ut mi. Nullam enim leo, egestas id, condimentum at, laoreet mattis, massa.","og_url":"https:\/\/nordprojekt.ee\/en\/referents\/tartu-lidli-arhitektuurikonkursi-voistlustoo\/","og_site_name":"Nordprojekt","article_publisher":"https:\/\/www.facebook.com\/NordProjektAs\/","article_modified_time":"2024-10-28T10:08:38+00:00","og_image":[{"width":2560,"height":1440,"url":"https:\/\/nordprojekt.ee\/wp-content\/uploads\/2024\/10\/01-4-scaled.jpg","type":"image\/jpeg"}],"twitter_card":"summary_large_image","twitter_misc":{"Estimated reading time":"1 minute"},"schema":{"@context":"https:\/\/schema.org","@graph":[{"@type":"WebPage","@id":"https:\/\/nordprojekt.ee\/referents\/tartu-lidli-arhitektuurikonkursi-voistlustoo\/","url":"https:\/\/nordprojekt.ee\/referents\/tartu-lidli-arhitektuurikonkursi-voistlustoo\/","name":"Tartu Lidli arhitektuurikonkursi v\u00f5istlust\u00f6\u00f6 - Nordprojekt","isPartOf":{"@id":"https:\/\/nordprojekt.ee\/#website"},"primaryImageOfPage":{"@id":"https:\/\/nordprojekt.ee\/referents\/tartu-lidli-arhitektuurikonkursi-voistlustoo\/#primaryimage"},"image":{"@id":"https:\/\/nordprojekt.ee\/referents\/tartu-lidli-arhitektuurikonkursi-voistlustoo\/#primaryimage"},"thumbnailUrl":"https:\/\/nordprojekt.ee\/wp-content\/uploads\/2024\/10\/01-4-scaled.jpg","datePublished":"2024-10-22T08:27:16+00:00","dateModified":"2024-10-28T10:08:38+00:00","breadcrumb":{"@id":"https:\/\/nordprojekt.ee\/referents\/tartu-lidli-arhitektuurikonkursi-voistlustoo\/#breadcrumb"},"inLanguage":"en-GB","potentialAction":[{"@type":"ReadAction","target":["https:\/\/nordprojekt.ee\/referents\/tartu-lidli-arhitektuurikonkursi-voistlustoo\/"]}]},{"@type":"ImageObject","inLanguage":"en-GB","@id":"https:\/\/nordprojekt.ee\/referents\/tartu-lidli-arhitektuurikonkursi-voistlustoo\/#primaryimage","url":"https:\/\/nordprojekt.ee\/wp-content\/uploads\/2024\/10\/01-4-scaled.jpg","contentUrl":"https:\/\/nordprojekt.ee\/wp-content\/uploads\/2024\/10\/01-4-scaled.jpg","width":2560,"height":1440},{"@type":"BreadcrumbList","@id":"https:\/\/nordprojekt.ee\/referents\/tartu-lidli-arhitektuurikonkursi-voistlustoo\/#breadcrumb","itemListElement":[{"@type":"ListItem","position":1,"name":"Home","item":"https:\/\/nordprojekt.ee\/"},{"@type":"ListItem","position":2,"name":"Portfolio","item":"https:\/\/nordprojekt.ee\/referentsid\/"},{"@type":"ListItem","position":3,"name":"Tartu Lidli arhitektuurikonkursi v\u00f5istlust\u00f6\u00f6"}]},{"@type":"WebSite","@id":"https:\/\/nordprojekt.ee\/#website","url":"https:\/\/nordprojekt.ee\/","name":"Nordprojekt","description":"Parim partner projekteerimises","publisher":{"@id":"https:\/\/nordprojekt.ee\/#organization"},"potentialAction":[{"@type":"SearchAction","target":{"@type":"EntryPoint","urlTemplate":"https:\/\/nordprojekt.ee\/?s={search_term_string}"},"query-input":{"@type":"PropertyValueSpecification","valueRequired":true,"valueName":"search_term_string"}}],"inLanguage":"en-GB"},{"@type":"Organization","@id":"https:\/\/nordprojekt.ee\/#organization","name":"Nordprojekt","url":"https:\/\/nordprojekt.ee\/","logo":{"@type":"ImageObject","inLanguage":"en-GB","@id":"https:\/\/nordprojekt.ee\/#\/schema\/logo\/image\/","url":"https:\/\/nordprojekt.ee\/wp-content\/uploads\/2024\/05\/Nord-Projekt-featured-image.jpg","contentUrl":"https:\/\/nordprojekt.ee\/wp-content\/uploads\/2024\/05\/Nord-Projekt-featured-image.jpg","width":841,"height":595,"caption":"Nordprojekt"},"image":{"@id":"https:\/\/nordprojekt.ee\/#\/schema\/logo\/image\/"},"sameAs":["https:\/\/www.facebook.com\/NordProjektAs\/","https:\/\/www.linkedin.com\/company\/nord-projekt-as\/"]}]}},"_links":{"self":[{"href":"https:\/\/nordprojekt.ee\/en\/wp-json\/wp\/v2\/portfolio_page\/16294","targetHints":{"allow":["GET"]}}],"collection":[{"href":"https:\/\/nordprojekt.ee\/en\/wp-json\/wp\/v2\/portfolio_page"}],"about":[{"href":"https:\/\/nordprojekt.ee\/en\/wp-json\/wp\/v2\/types\/portfolio_page"}],"author":[{"embeddable":true,"href":"https:\/\/nordprojekt.ee\/en\/wp-json\/wp\/v2\/users\/1"}],"replies":[{"embeddable":true,"href":"https:\/\/nordprojekt.ee\/en\/wp-json\/wp\/v2\/comments?post=16294"}],"wp:featuredmedia":[{"embeddable":true,"href":"https:\/\/nordprojekt.ee\/en\/wp-json\/wp\/v2\/media\/16431"}],"wp:attachment":[{"href":"https:\/\/nordprojekt.ee\/en\/wp-json\/wp\/v2\/media?parent=16294"}],"wp:term":[{"taxonomy":"portfolio_category","embeddable":true,"href":"https:\/\/nordprojekt.ee\/en\/wp-json\/wp\/v2\/portfolio_category?post=16294"},{"taxonomy":"portfolio_tag","embeddable":true,"href":"https:\/\/nordprojekt.ee\/en\/wp-json\/wp\/v2\/portfolio_tag?post=16294"}],"curies":[{"name":"wp","href":"https:\/\/api.w.org\/{rel}","templated":true}]}}

Tartu Lidli arhitektuurikonkursi võistlustöö

<figure class="wp-block-table"><table class="has-fixed-layout"><tbody><tr><td>Omanäolise ilme andmiseks on fassaadile kinnitatud peegeldavad taustvärvitud klaasid. Klaas peegeldab kõike hoone ees olevat sh puid, muutes hoone fassaadi õhuliseks ja mänguliseks. Lisaks on hoone otstesse seal hulgas Lina tn poolsele fassaadile kinnitatud dekoratiivsed tellisplaadid, mis annavad hoonele ühist visuaalset siduvust üle autotee asuva Katlamaja krundiga.&nbsp;</td></tr></tbody></table></figure>

<!-- This site is optimized with the Yoast SEO plugin v27.1.1 - https://yoast.com/product/yoast-seo-wordpress/ -->
<title>Tartu Lidli arhitektuurikonkursi võistlustöö - Nordprojekt</title>
<meta name="robots" content="noindex, follow" />
<meta property="og:locale" content="en_GB" />
<meta property="og:type" content="article" />
<meta property="og:title" content="Tartu Lidli arhitektuurikonkursi võistlustöö - Nordprojekt" />
<meta property="og:description" content="Lorem ipsum dolor sit amet, consectetuer adipiscing elit. Nam cursus. Morbi ut mi. Nullam enim leo, egestas id, condimentum at, laoreet mattis, massa." />
<meta property="og:url" content="https://nordprojekt.ee/en/referents/tartu-lidli-arhitektuurikonkursi-voistlustoo/" />
<meta property="og:site_name" content="Nordprojekt" />
<meta property="article:publisher" content="https://www.facebook.com/NordProjektAs/" />
<meta property="article:modified_time" content="2024-10-28T10:08:38+00:00" />
<meta property="og:image" content="https://nordprojekt.ee/wp-content/uploads/2024/10/01-4-scaled.jpg" />
	<meta property="og:image:width" content="2560" />
	<meta property="og:image:height" content="1440" />
	<meta property="og:image:type" content="image/jpeg" />
<meta name="twitter:card" content="summary_large_image" />
<meta name="twitter:label1" content="Estimated reading time" />
	<meta name="twitter:data1" content="1 minute" />
<script type="application/ld+json" class="yoast-schema-graph">{"@context":"https://schema.org","@graph":[{"@type":"WebPage","@id":"https://nordprojekt.ee/referents/tartu-lidli-arhitektuurikonkursi-voistlustoo/","url":"https://nordprojekt.ee/referents/tartu-lidli-arhitektuurikonkursi-voistlustoo/","name":"Tartu Lidli arhitektuurikonkursi võistlustöö - Nordprojekt","isPartOf":{"@id":"https://nordprojekt.ee/#website"},"primaryImageOfPage":{"@id":"https://nordprojekt.ee/referents/tartu-lidli-arhitektuurikonkursi-voistlustoo/#primaryimage"},"image":{"@id":"https://nordprojekt.ee/referents/tartu-lidli-arhitektuurikonkursi-voistlustoo/#primaryimage"},"thumbnailUrl":"https://nordprojekt.ee/wp-content/uploads/2024/10/01-4-scaled.jpg","datePublished":"2024-10-22T08:27:16+00:00","dateModified":"2024-10-28T10:08:38+00:00","breadcrumb":{"@id":"https://nordprojekt.ee/referents/tartu-lidli-arhitektuurikonkursi-voistlustoo/#breadcrumb"},"inLanguage":"en-GB","potentialAction":[{"@type":"ReadAction","target":["https://nordprojekt.ee/referents/tartu-lidli-arhitektuurikonkursi-voistlustoo/"]}]},{"@type":"ImageObject","inLanguage":"en-GB","@id":"https://nordprojekt.ee/referents/tartu-lidli-arhitektuurikonkursi-voistlustoo/#primaryimage","url":"https://nordprojekt.ee/wp-content/uploads/2024/10/01-4-scaled.jpg","contentUrl":"https://nordprojekt.ee/wp-content/uploads/2024/10/01-4-scaled.jpg","width":2560,"height":1440},{"@type":"BreadcrumbList","@id":"https://nordprojekt.ee/referents/tartu-lidli-arhitektuurikonkursi-voistlustoo/#breadcrumb","itemListElement":[{"@type":"ListItem","position":1,"name":"Home","item":"https://nordprojekt.ee/"},{"@type":"ListItem","position":2,"name":"Portfolio","item":"https://nordprojekt.ee/referentsid/"},{"@type":"ListItem","position":3,"name":"Tartu Lidli arhitektuurikonkursi võistlustöö"}]},{"@type":"WebSite","@id":"https://nordprojekt.ee/#website","url":"https://nordprojekt.ee/","name":"Nordprojekt","description":"Parim partner projekteerimises","publisher":{"@id":"https://nordprojekt.ee/#organization"},"potentialAction":[{"@type":"SearchAction","target":{"@type":"EntryPoint","urlTemplate":"https://nordprojekt.ee/?s={search_term_string}"},"query-input":{"@type":"PropertyValueSpecification","valueRequired":true,"valueName":"search_term_string"}}],"inLanguage":"en-GB"},{"@type":"Organization","@id":"https://nordprojekt.ee/#organization","name":"Nordprojekt","url":"https://nordprojekt.ee/","logo":{"@type":"ImageObject","inLanguage":"en-GB","@id":"https://nordprojekt.ee/#/schema/logo/image/","url":"https://nordprojekt.ee/wp-content/uploads/2024/05/Nord-Projekt-featured-image.jpg","contentUrl":"https://nordprojekt.ee/wp-content/uploads/2024/05/Nord-Projekt-featured-image.jpg","width":841,"height":595,"caption":"Nordprojekt"},"image":{"@id":"https://nordprojekt.ee/#/schema/logo/image/"},"sameAs":["https://www.facebook.com/NordProjektAs/","https://www.linkedin.com/company/nord-projekt-as/"]}]}</script>
<!-- / Yoast SEO plugin. -->

Tartu Lidli arhitektuurikonkursi võistlustöö - Nordprojekt
